 highest common factor of a and 98?
14
Let a be ((5 - -138) + 1)*3/3. What is the greatest common factor of a and 16?
16
Suppose i - 10 = -y, 2*y - 1 = i - 2. Suppose -2*j + 3*g + 16 = -g, 4*j + i = -5*g. Let d be 8/j*(-3 + 25). Calculate the greatest common divisor of d and 8.
8
Suppose -1240 = 4*b - 88. Let a be b/(-20)*(-20)/(-6). What is the highest common divisor of a and 6?
6
Suppose -36 = -6*h + 3*h. Suppose -b = 3*b + 5*w - 5, -b - 4*w + 15 = 0. Let m be 956/10 + (-2)/b. Calculate the highest common divisor of m and h.
12
Let z(s) = s**2 + s - 1. Let d be z(0). Let h be -3 + (d - 23)/(-2). What is the highest common factor of 36 and h?
9
Suppose 0 = -m + 2*m - 128. Let g = m - 65. What is the highest common factor of g and 9?
9
Let y = 42 + -41. Let a(m) = m**3 + 3*m**2 - 4*m + 3. Let h be a(-4). Calculate the highest common factor of h and y.
1
Suppose -2*f + 156 = 4*f. Calculate the greatest common factor of 234 and f.
26
Let n = 11 + 0. Let x = n - 6. Suppose -206 = -4*p + 3*v + x, -4*v - 208 = -4*p. Calculate the greatest common factor of 5 and p.
5
Let p be 56/9 - (-6)/(-27). Let q(o) = 26*o. Let n be q(-2). Let a = -10 - n. Calculate the highest common divisor of a and p.
6
Suppose 0 = 3*c + 5*t - 76 - 3, 2*t = -8. What is the greatest common divisor of 77 and c?
11
Suppose p - 5*p + 76 = 0. Suppose -5*c + 76 = 4*a, 4*a - 2*c + 4*c - 76 = 0. What is the highest common factor of p and a?
19
Let i = -5 + 5. Suppose 6 = -c + 3*c, -5*l + 3*c + 86 = i. Calculate the highest common divisor of 152 and l.
19
Let s(v) = v - 1. Let u be s(10). Suppose 54 = z + 2*z. Suppose -m = -3*m + z. What is the highest common divisor of u and m?
9
Suppose 17 - 44 = -3*w. Let x be w + -5 + (2 - -1). Calculate the greatest common factor of x and 56.
7
Suppose -t + 5*l = -27, 3*t - 3*l - 25 - 68 = 0. Calculate the greatest common divisor of 160 and t.
32
Let k(j) = j**3 + 3*j**2 - 4*j + 3. Let x be k(-4). Suppose l - 9 = 2*q, -2*l + q = -6*l + 36. What is the greatest common factor of x and l?
3
Suppose -2*c - 201 = -5*c + 3*v, 5*c - 325 = -5*v. Calculate the greatest common factor of c and 33.
33
Let r = 8 - 5. Suppose r = -c + 2*c. Suppose 4*w = -2*t + 18, -3*w = c*t - 0*w - 27. Calculate the highest common factor of 36 and t.
9
Let c = -4 - -6. Suppose c*s - 77 = 3*g, 0*g + g = 2*s - 79. Let w(b) = 3*b**3 - b**2 - b - 2. Let a be w(2). What is the highest common factor of s and a?
8
Let l = 46 - 16. Suppose 3*s - l = -2*s. What is the highest common factor of 30 and s?
6
Suppose -5*u - h = -685, -3*u + 2*h + 418 = 4*h. What is the greatest common factor of 8 and u?
8
Let i(y) = y**3 - 11*y**2 + 12*y - 8. Suppose 0*a - 2*a = -20. Let f be i(a). Calculate the greatest common divisor of 8 and f.
4
Suppose -u - 4*r + 22 = 0, -6*u = -2*u - 3*r + 7. Suppose 20 = -5*a, -5*p + 4*a + 5 = -16. Calculate the highest common divisor of u and p.
1
Let t(o) = -o**3 + 5*o**2 + 6*o + 3. Let y be t(6). Let i = -5 + y. Let a = 3 + i. What is the highest common divisor of a and 7?
1
Let f = -1651 + 1037. Let c be 2/8 + f/(-8). What is the greatest common divisor of 11 and c?
11
Let v = 13 + -13. Suppose -11 = 4*x - v*x + 3*u, -2*x + 2*u = -12. Calculate the greatest common factor of 1 and x.
1
Let o(z) = -z**3 - 2*z**2 + 2*z + 2. Let n be o(-2). Let w be 9 + (1 - (-6)/n). Suppose k + 49 = 2*k. What is the highest common divisor of w and k?
7
Let f = -76 - -88. Calculate the greatest common divisor of 9 and f.
3
Suppose -5*d = -d + 2*k - 12, 0 = 3*d - 5*k - 22. Let n be 3 + (-2 - (-12)/d). What is the highest common divisor of 20 and n?
4
Let b be 2 - (-2 + (1 - 8)). Let w = -31 + 42. Calculate the highest common factor of b and w.
11
Suppose 4*v - 2*b + 80 = 780, 2*v - 330 = -4*b. Suppose 388 = 3*r - v. Calculate the highest common divisor of r and 17.
17
Suppose -5 - 11 = -4*f. Let b(x) = x**3 + 7*x**2 - 2*x - 2. Let c = -13 + 6. Let w be b(c). What is the highest common factor of f and w?
4
Let a be (10/15)/(8/108). Suppose -2*n = n - 216. Calculate the greatest common divisor of a and n.
9
Let g = -12 - -17. Let k = 12 - g. Calculate the greatest common factor of 1 and k.
1
Let w = 47 - 40. Calculate the greatest common factor of 28 and w.
7
Suppose f + 1 = 0, -4*t = t - f - 26. Suppose 0 = -2*p + t*y + 3, -7*y = 4*p - 2*y - 81. Calculate the greatest common factor of 2 and p.
2
Let s(h) = 3*h - 13. Let c be s(8). What is the greatest common divisor of c and 99?
11
Let r be (-142)/(-16) + 2/16. Calculate the highest common factor of r and 81.
9
Let d(r) = r**3 + 9*r**2 + 23*r + 125. Let h be d(-8). Suppose -4 = 3*q + 8, -3*q = x - 3. What is the highest common divisor of x and h?
5
Let j(u) = u**2 + 3*u - 4. Let v be (-2 + 3)*(0 - 6). Let z be j(v). Let r be -4*7*10/(-8). Calculate the greatest common divisor of z and r.
7
Let t be 81 + 6*3/6. Let r = t - 48. What is the highest common divisor of r and 9?
9
Let o(q) = q**3 - q**2 - 2*q. Suppose 8 - 3 = 5*x + 5*j, -11 = x - 3*j. Let a be o(x). Let b = 16 + a. Calculate the greatest common divisor of 12 and b.
4
Let s(q) = -q + 2. Let a be s(6). Let v(x) = -7*x**3 - 1. Let m be v(-1). Let l = a + m. What is the greatest common divisor of l and 18?
2
Let k be (-18)/42 - 213/(-7). What is the highest common factor of k and 10?
10
Let j = 11 - 4. Let p = j + -5. Let s(l) = -l**2 - 4*l + 1. Let y be s(-3). What is the highest common divisor of p and y?
2
Suppose w - 3*v + 3 = -v, 4*v - 55 = -5*w. Suppose 3*o - 18 = -j + 134, 3*o = 4*j + 127. What is the highest common divisor of o and w?
7
Suppose 4*o + 3*q = -0*q + 275, 2*q - 140 = -2*o. Calculate the greatest common factor of o and 26.
13
Let k(r) = 8*r + 2. Let v be k(5). Calculate the highest common factor of 14 and v.
14
Let z(m) = -m**2 + 138. Let f be z(0). Let l = -50 + f. Suppose j + 6 - 14 = 0. Calculate the greatest common factor of j and l.
8
Let v(j) = -j + 3. Let o be v(-13). Suppose 5 - o = -s. What is the greatest common divisor of 121 and s?
11
Let q(w) be the first derivative of w**4/4 + 5*w**3/3 + 3*w**2/2 + 2*w - 1. Suppose 0*r = -r - 4. Let j be q(r). What is the greatest common divisor of 9 and j?
3
Let u(f) = 2*f**2 - f - 4. Let d be u(-2). Calculate the highest common divisor of d and 2.
2
Suppose -11*s + 16*s - 55 = 0. Calculate the greatest common divisor of s and 121.
11
Suppose 0 = 4*p - u - 451, u - 218 = -2*p - u. Calculate the highest common divisor of p and 16.
16
Let o(x) = -2*x + 6. Let q be o(-6). Let s be 76/q + 2/(-9). Suppose -s*b = -43 - 61. What is the greatest common factor of b and 13?
13
Let f(o) = o**2 - 13*o + 10. Let a be f(13). What is the highest common factor of a and 10?
10
Let w(f) = -2*f**2 + 59*f - 51. Let p be w(27). What is the highest common factor of p and 56?
28
Let g be -5 + 0 - (3 + -24). Calculate the highest common divisor of 176 and g.
16
Suppose -2*o + 23 = 2*y - 5*o, y - 5*o - 15 = 0. Let g be 120 - (3 + 2 + -3). Let u be 7/28 + g/8. Calculate the greatest common factor of u and y.
5
Suppose 1 + 14 = 3*r, 0 = 5*f - 2*r - 130. Let o be (105/f)/(1/4). Let m be 6/(-27) + (-94)/(-18). What is the greatest common divisor of o and m?
5
Let f be ((-5)/3)/(70/(-84)). Suppose 48 = 2*t + 5*m, -6*m = -f*t - m + 48. Calculate the highest common factor of 8 and t.
8
Suppose 3*q = 7*q. Suppose -5*x + 12 = b, q*x = -3*x + 3*b. Calculate the greatest common factor of 8 and x.
2
Let a = 1 - 1. Let u be 2/6 + (-548)/(-3). Suppose 2*i + a*s + 3*s - u = 0, -232 = -3*i + 4*s. Calculate the greatest common divisor of i and 12.
12
Let f = 232 + -112. What is the highest common divisor of f and 48?
24
Let u = 12 - 7. Let v(j) = -3*j + 4. Let w be v(3). Let a be w*(2 + -14)/3. What is the greatest common divisor of a and u?
5
Suppose -52 = -2*z + 14. Let x = 779 - 548. Calculate the highest common divisor of z and x.
33
Let l be -1*1*72/(-12). Suppose 2*u + 144 = 3*t + l*u, 3*u + 96 = 2*t. Calculate the greatest common factor of t and 12.
12
Suppose 7*k - 79 = 47. Calculate the highest common factor of k and 42.
6
Let q be 460/14 + (-1)/(-7). Let f be (4/((-12)/q))/(-1). What is the greatest common factor of f and 55?
11
Let i = 86 + -33. Let a = i - 32. What is the greatest common factor of a and 21?
21
Let g be 48/26 + 22/143. 